lse
Is 8244959 a composite number?
False
Is 20757457 a prime number?
False
Is 5000713 a prime number?
True
Is 5885686 prime?
False
Is 261539 composite?
True
Is 15496967 a composite number?
False
Is 136405337 composite?
False
Is 335228609 a composite number?
True
Is 6731579 prime?
True
Is 11300371 a prime number?
True
Is 249944311 a prime number?
True
Is 44516861 composite?
True
Is 3398839 prime?
False
Is 14945849 a composite number?
False
Is 106096957 composite?
False
Is 8746027 a prime number?
False
Is 322849 prime?
True
Is 490529873 a prime number?
False
Is 74182331 composite?
True
Is 47908889 a composite number?
True
Is 333259 a composite number?
True
Is 2694103 prime?
True
Is 75011 a composite number?
False
Is 2587609 composite?
False
Is 96260095 a prime number?
False
Is 43323263 a composite number?
True
Is 392123 prime?
False
Is 57837863 prime?
True
Is 14896801 prime?
False
Is 7911689 composite?
False
Is 1413421 composite?
True
Is 86559001 prime?
True
Is 70387 a prime number?
False
Is 2543857 composite?
True
Is 1767809 composite?
False
Is 562541 composite?
True
Is 2758421 a prime number?
False
Is 245465063 composite?
False
Is 309223 a composite number?
False
Is 30300301 a composite number?
False
Is 52226281 composite?
False
Is 300269791 prime?
False
Is 4153273 prime?
True
Is 16147883 a prime number?
True
Is 7002581 composite?
False
Is 4266573 a prime number?
False
Is 54940093 a prime number?
False
Is 25054259 a prime number?
True
Is 27621773 a prime number?
False
Is 101753401 a prime number?
True
Is 2942063 prime?
True
Is 97923401 prime?
False
Is 97914587 composite?
True
Is 3609789 composite?
True
Is 1122839 a prime number?
False
Is 2119171 composite?
False
Is 514249727 a prime number?
True
Is 1134377 a prime number?
False
Is 3964813 prime?
False
Is 2848861 prime?
False
Is 4327189 prime?
True
Is 3422221 a prime number?
False
Is 280537 a prime number?
True
Is 21621995 composite?
True
Is 518657 a composite number?
False
Is 1563571 a prime number?
True
Is 2464363 a composite number?
True
Is 23611381 a prime number?
True
Is 85959037 prime?
False
Is 115870333 a composite number?
False
Is 333097 a prime number?
True
Is 24246479 a composite number?
True
Is 51724709 prime?
False
Is 8827967 prime?
True
Is 18873143 a prime number?
False
Is 35875973 a composite number?
True
Is 14084639 a prime number?
True
Is 19895783 a composite number?
True
Is 42715279 prime?
False
Is 82213 prime?
False
Is 1166213 prime?
True
Is 5616011 a prime number?
True
Is 87407447 prime?
True
Is 2025869 composite?
False
Is 92488969 composite?
True
Is 18575707 a composite number?
False
Is 1070683751 prime?
False
Is 1346071 prime?
False
Is 7668851 composite?
False
Is 595914926 a prime number?
False
Is 294967 composite?
True
Is 133598081 composite?
False
Is 1627717073 composite?
False
Is 69963271 a prime number?
False
Is 2102112395 composite?
True
Is 450493 a composite number?
False
Is 10736071 prime?
False
Is 21700657 composite?
True
Is 292837229 a prime number?
False
Is 261235895 a prime number?
False
Is 147731 a prime number?
False
Is 393605759 composite?
False
Is 61934227 composite?
True
Is 2889713 a composite number?
True
Is 1610784131 composite?
True
Is 64667607 a prime number?
False
Is 4983887 prime?
True
Is 427849 a composite number?
False
Is 183256051 composite?
True
Is 11464259 a composite number?
True
Is 3030791 a prime number?
True
Is 2191207 prime?
False
Is 5980589 composite?
False
Is 14814749 composite?
True
Is 8457535 a prime number?
False
Is 1052221 prime?
True
Is 99487 composite?
False
Is 168915547 a composite number?
False
Is 1536319 prime?
False
Is 13492777 prime?
False
Is 141019427 composite?
False
Is 10388733 a prime number?
False
Is 10230169 composite?
False
Is 9768637 a composite number?
False
Is 10872833 composite?
False
Is 37471531 prime?
False
Is 9192202 composite?
True
Is 2262161 a prime number?
False
Is 196591 prime?
False
Is 398166298 prime?
False
Is 2650777 prime?
False
Is 5452097 a prime number?
False
Is 1256123 a prime number?
False
Is 535833613 prime?
False
Is 20336873 composite?
False
Is 438365227 composite?
True
Is 310097363 prime?
True
Is 133069745 a composite number?
True
Is 19034759 a composite number?
True
Is 922391 a prime number?
True
Is 6620209 composite?
False
Is 72109099 a prime number?
False
Is 2485277 a prime number?
True
Is 117165821 composite?
True
Is 8862133 a composite number?
True
Is 12761591 composite?
False
Is 39211727 a composite number?
True
Is 69673859 prime?
True
Is 638717 a prime number?
True
Is 467761321 composite?
True
Is 77430047 a prime number?
True
Is 265088051 composite?
False
Is 41770907 a prime number?
True
Is 6329038 a prime number?
False
Is 6863189 a prime number?
False
Is 2237027 a prime number?
False
Is 1726259 prime?
True
Is 11225323 a prime number?
True
Is 7163623 a composite number?
False
Is 262710053 a prime number?
True
Is 16981247 composite?
False
Is 531865 composite?
True
Is 739789381 a composite number?
False
Is 53495983 a prime number?
False
Is 1527373 composite?
True
Is 34280647 prime?
True
Is 81959303 composite?
False
Is 860141 a composite number?
True
Is 34115063 prime?
True
Is 5300987 prime?
True
Is 29531537 composite?
True
Is 1346881 prime?
True
Is 41622781 a composite number?
False
Is 2287561 a prime number?
False
Is 21992203 a prime number?
False
Is 12679633 a composite number?
False
Is 26565907 composite?
True
Is 2468399 prime?
True
Is 433991033 a prime number?
False
Is 1843889 prime?
True
Is 27731999 a composite number?
True
Is 101183321 composite?
True
Is 445197 a composite number?
True
Is 1153639 composite?
False
Is 19443883 prime?
False
Is 251487653 prime?
True
Is 1135363 prime?
True
Is 116089921 prime?
True
Is 17374673 a composite number?
True
Is 9291089 a composite number?
True
Is 96869869 prime?
True
Is 42470629 prime?
False
Is 257193813 prime?
False
Is 46697507 a prime number?
False
Is 1396043 a prime number?
False
Is 775186253 a prime number?
True
Is 46993 composite?
False
Is 12929167 a composite number?
False
Is 2370721 composite?
True
Is 376271153 a prime number?
False
Is 1431173 composite?
False
Is 13635001 prime?
False
Is 1859831 composite?
False
Is 1481021 composite?
False
Is 1894621351 prime?
False
Is 4634237 prime?
False
Is 527513263 a composite number?
False
Is 37770269 prime?
True
Is 180617 a prime number?
True
Is 4729759 composite?
False
Is 9058667 composite?
False
Is 26073851 a prime number?
False
Is 538471 a prime number?
True
Is 18927541 prime?
False
Is 6090391 a prime number?
False
Is 97527289 a prime number?
False
Is 132837 a composite number?
True
Is 17381431 a composite number?
True
Is 18963727 a prime number?
True
Is 365220601 composite?
True
Is 2796259 a prime number?
True
Is 24891437 a composite number?
False
Is 32831111 a prime number?
True
Is 4014103 a composite number?
True
Is 1749719 prime?
False
Is 1493273 composite?
False
Is 50178133 a composite number?
False
Is 836567 a composite number?
False
Is 1442429 a prime number?
True
Is 96898427 composite?
False
Is 43525527 a prime number?
False
Is 85565243 composite?
True
Is 314100559 composite?
False
Is 1240483 a prime number?
True
Is 93923237 a composite number?
True
Is 2865311 prime?
True
Is 1642021 a composite number?
False
Is 4546193 a composite number?
False
Is 2558449 prime?
False
Is 34249721 composite?
True
Is 9432749 prime?
True
Is 1940222 a prime number?
False
Is 2962369 a composite number?
True
Is 66351521 composite?
False
Is 351470489 composite?
False
Is 302712559 prime?
True
Is 142412143 a composite number?
True
Is 86818393 a composite number?
True
Is 5752191 composite?
True
Is 92335235 prime?
False
Is 653033 a composite number?
False
Is 552424055 a prime number?
False
Is 27192161 prime?
True
Is 1410289 a composite number?
False
Is 611539 prime?
False
Is 31151443 prime?
True
Is 6905827 a composite number?
False
Is 24055393 composite?
False
Is 3614339 composite?
False
Is 528263 a composite number?
False
Is 1040947445 composite?
True
Is 4509799 a prime number?
False
Is 548213 a prime number?
True
Is 243260141 composite?
True
Is 11548001 a composite number?
True
Is 156867 composite?
True
Is 4737661 composite?
False
Is 1960459 a prime number?
False
Is 3557561 a composite number?
True
Is 23783653 compos